99 = 0. What is the tens digit of v?
9
Let y = -733 - -2297. What is the thousands digit of y?
1
Suppose -6*q - 562 = -7966. What is the thousands digit of q?
1
Suppose -2*f = -5*l + 235, l - 3*f + 4*f - 47 = 0. Let u = 128 - l. What is the units digit of u?
1
Let o = 17 + -21. Let v(g) = -6*g + 13. Let w(i) = -3*i + 6. Let j(l) = o*v(l) + 7*w(l). What is the tens digit of j(9)?
1
Suppose 0 = 8*t - 1946 - 3622. What is the units digit of t?
6
Let o(u) = u**2 - 5*u + 6. Let s be o(4). Suppose 5*x = 15, 2*x - 26 = -3*i - s*i. What is the tens digit of -4*(-1)/i*23?
2
Suppose -2*y = -4*u + 118, -4*y + 154 = -u + 6*u. What is the units digit of (114 + -3)*(u/9 - 3)?
7
Let z(b) = 18*b + 19. Let d be z(4). Suppose -d = -3*y + o, 0 = y - 0*y + o - 29. What is the units digit of y?
0
Let y = 67 + -19. Let u = y - 22. What is the tens digit of u?
2
Let l = -13 + 17. Suppose -l*d - 24 = -0*d. What is the units digit of 14 - (-3 - d)/1?
1
Let c(y) = 2*y - 30. Let a be c(17). Suppose 0 = -4*l - 2*j - 656, 820 = -5*l + a*j - j. Let z = l - -230. What is the tens digit of z?
6
Suppose 16*x + 10 = 21*x. Suppose -10 = x*r, -c - 2*c + 4*r + 212 = 0. What is the units digit of c?
4
Let u = 50 + -46. Suppose -5*b - 2 = -u*k + 35, 0 = 5*k + 4*b - 36. What is the units digit of k?
8
Suppose 2*x - 2 = 4. Suppose 58 = 2*h - x*h. Let q = -39 - h. What is the tens digit of q?
1
Suppose -5*y + 3*s + 4494 = 0, y + 3*s = 923 - 17. What is the units digit of y?
0
Let z(q) = q**3 + 5*q**2 - 5*q + 7. Suppose -2*g + h + 9 + 0 = 0, -15 = -4*g + h. Let v be z(g). Suppose -v - 62 = -3*o. What is the tens digit of o?
4
Let t(l) = -l**2 + 16*l - 15. Let a be t(15). Suppose a = -2*c - 2*n + 10, n = 4*c - 5. Suppose c*s = 18 + 6. What is the tens digit of s?
1
Let d be (2 + -6)/16 + 18/8. Suppose 0 = -5*u - 15, 0*l - d*l - 9 = 5*u. What is the units digit of l?
3
Let s(j) = -j. Let w be s(-4). Suppose -w*f + 3*f = -14. What is the units digit of f?
4
Suppose 162 = v - 5*m - 0*m, 5*v = -2*m + 675. What is the units digit of v?
7
Let k(m) = -m**3 + 3*m**2 + 4*m - 3. Let n be k(2). Suppose l = -2 + n. Suppose -l - 49 = -3*v - 5*q, 3*v - 3*q - 24 = 0. What is the tens digit of v?
1
Let p(y) = -4*y - 33. Let j be p(-14). Let s = j - 11. What is the tens digit of -4*((-135)/s)/3?
1
Let r be ((-332)/5)/(19/5 - 4). Suppose -r + 92 = -4*o. What is the tens digit of o?
6
Let l = -497 + 909. Let w = l + -174. What is the tens digit of w?
3
Let m be (-68)/11 - (-30)/165. Let h = m + 33. What is the tens digit of h?
2
Let q = -50 + 55. Suppose -5*h + 920 = -3*n + q*n, -4*h + 736 = -4*n. What is the units digit of h?
4
Let n(i) = -i**2 - 9*i + 23. Let s be n(-11). What is the tens digit of (s + -95)/(0 - 2)?
4
Let f = 7 + -4. Let w be 4/(-3 - -7) + f. Suppose -w*q + 5 - 1 = 0. What is the units digit of q?
1
Suppose 4*l = -4*z + 1180, -12*z + 9*z = 4*l - 888. Suppose -t = 3*n - z, t + 193 = 2*n - 0*t. What is the tens digit of n?
9
Suppose 35 = 5*z - 3*h, -h - 37 = -3*z + 4*h. What is the units digit of z*((-295)/(-10) + -1)?
4
Suppose -1346 = -3*j - 5*c + 849, -j - 2*c + 730 = 0. What is the hundreds digit of j?
7
What is the hundreds digit of ((3 + 7)*-1)/((-58)/6264)?
0
Suppose -4*b = -b - 174. Let s = b + -20. What is the tens digit of s?
3
Let b = 2543 - 1095. What is the thousands digit of b?
1
Let t be (-2)/(-1) + 4 - 1. Let f be -1*(-190)/(-57)*(-3)/2. Suppose i + t*m = -0*i - f, 0 = 5*m + 15. What is the tens digit of i?
1
Let a(s) = s**2 + 15*s + 12. Let c be a(-10). Let y = 7 - c. What is the units digit of y?
5
Let m = -85 - -575. What is the units digit of m?
0
Suppose 3*t - 1281 = 2*k - 4392, 4*k - 6231 = -3*t. What is the tens digit of k?
5
Let j be 1 + -1 + -5 + 5. Suppose j = -3*c + 15 + 45. Suppose a + 7 - c = 0. What is the tens digit of a?
1
Suppose 0 = 144*a - 133*a - 10032. What is the units digit of a?
2
Let w(f) = -11*f**3 + 3*f**2 + 2*f. Let u(z) = -22*z**3 + 5*z**2 + 3*z. Let q(c) = -3*u(c) + 5*w(c). Let k be q(1). What is the units digit of (-1)/(20/k - 2)?
3
Suppose -138*x - 59917 = -149*x. What is the tens digit of x?
4
Suppose 9 = 10*n - 61. What is the units digit of 1496/n + (-2)/(-7)?
4
Let v be 4/(-2) + 0 - 12. Let m = v + 77. Let p = m + -40. What is the tens digit of p?
2
Suppose 41 = -4*d + 421. Let n be ((-114)/d)/(2/(-5)). Suppose 6*y = -n*s + 4*y + 198, y - 269 = -4*s. What is the units digit of s?
8
Let h be -5*((-132)/15 - -2). Suppose -53 - h = -3*a. What is the units digit of a?
9
Suppose 11*c = 6*c + 3*s + 9105, -5*c = 3*s - 9135. What is the hundreds digit of c?
8
Let f be ((-1)/(-2))/((-3)/462). Let c = f - -185. What is the hundreds digit of c?
1
What is the hundreds digit of -1*(0 + -379) + 14/14?
3
Let z(r) = -r**3 - 8*r**2 - 4*r. Let d = -22 + 14. What is the tens digit of z(d)?
3
Suppose 5*f = 3*t - 15032, -20*f = -16*f + 4. What is the units digit of t?
9
Let y(x) = -x**2 + 0*x**2 + 5*x**2 - 5*x**2 + 1 - 10*x. What is the units digit of y(-10)?
1
Let f be 4*1/((-4)/(-5)). Suppose 0 = f*r + 136 - 346. What is the tens digit of r?
4
Suppose -1240 - 384 = -4*c. What is the units digit of c?
6
Suppose -4*l - 5*l = -0*l. Suppose -4*u + 1013 - 281 = l. What is the hundreds digit of u?
1
Let q(d) = -12*d**3 - 2*d**2 - 2*d - 1. Let s be q(-1). Suppose 1 = -2*c + s. Suppose 0 = y - b - 58, -2*b + 283 = c*y - 0*y. What is the units digit of y?
7
Let d(o) be the second derivative of 0 - 5*o**2 - 2*o - 1/3*o**3. What is the units digit of d(-7)?
4
Suppose w + 133 = 38. Let j = -55 - w. What is the units digit of j?
0
Suppose -3*n + 90 + 193 = 4*m, -2*n = 4*m - 190. What is the tens digit of n?
9
Let n = 61 - 61. Suppose n = 7*m - 2*m - 775. What is the hundreds digit of m?
1
Suppose -159*s + 102*s + 123405 = 0. What is the tens digit of s?
6
Suppose 2*v = -5*t + 20983, 4*t - 36*v - 16789 = -35*v. What is the hundreds digit of t?
1
Let t(w) = w**3 + 12*w**2 + 10*w - 9. Let g be ((-24)/20)/((-12)/30). Suppose 0*f + 4*n = g*f + 53, n = 5*f + 60. What is the units digit of t(f)?
2
Let a(r) = -r**2 + 8*r - 6. Let t be a(6). Suppose 3 = -5*p + t*p. Suppose p*x - 4 = x. What is the units digit of x?
2
Let c(u) = -u**3 + 3*u**2 - 2. Let i be c(3). Let l = i - -1. Let q(n) = 26*n**2 - 2*n - 2. What is the tens digit of q(l)?
2
Let z = 1129 - 300. What is the units digit of z?
9
Let g(h) = 18*h + 9. Suppose 11 = -c + 5. Let k(u) = -9*u - 4. Let w(r) = c*g(r) - 11*k(r). What is the tens digit of w(-4)?
2
Suppose -j - 4*y + 130 = -2*y, j = 2*y + 146. What is the tens digit of j?
3
Suppose 70*b = 18360 - 300. What is the hundreds digit of b?
2
Let u be (26/6)/(3/81). Let i = -65 + u. What is the units digit of i?
2
Suppose -3*f = -5*p + f + 2103, 842 = 2*p - 2*f. What is the tens digit of p?
1
Suppose 47 = s - 368. What is the hundreds digit of s?
4
Let k(h) = -23*h - 1. Let n be k(-4). Let c = n - 65. Suppose c*j - 114 = 24*j. What is the tens digit of j?
5
Suppose -8*b + 20 = 4. Suppose 2*o + 226 = 5*x, o - 2*o = -b*x + 91. What is the units digit of x?
4
Suppose j + c = 2*c + 450, 4*j - 2*c - 1800 = 0. What is the tens digit of j?
5
What is the hundreds digit of 7/(21/3) + (-5262)/(-3)?
7
Suppose -3*o + 1748 = -4318. What is the tens digit of o?
2
Let r(s) = 44*s - 31. What is the units digit of r(9)?
5
Suppose 12 = 3*b - 0*b. Suppose -130 = -2*g - b*i, 0*g + 360 = 5*g + 3*i. What is the units digit of (8/5)/(6/g)?
0
Let r = -131 - -59. Let t = 174 + r. Suppose 2*k - t = -k. What is the units digit of k?
4
Suppose -2*h - 2912 = -6*h. What is the hundreds digit of h?
7
Let y = -445 + 785. What is the tens digit of y?
4
Suppose -3555 = 5*g + x - 27142, -x = 4*g - 18869. What is the units digit of g?
8
What is the thousands digit of (1*-5 - (-18 + 10)) + 2646?
2
Suppose 0 = -x + 3*x - 3*v + 1035, 3*x + 4*v = -1544. Let h be (-22)/(-143) + x/(-26). What is the tens digit of (-12)/(-10)*650/h?
3
Suppose 2*s = -3*s. Suppose s = 2*i + 3*i - 55. What is the units digit of i?
1
Let o(l) = 2 + 3 - 3 + 4*l. Let i be o(-1). What is the tens digit of (-172)/(-6) + i/3?
2
Let o(y) = y**3 + 9*y**2 + 8*y + 3. Suppose -5*p = 10 - 35. Suppose -29 = p*n + 11. What is the units digit of o(n)?
3
Suppose 217 = -2*v + 697. Let u be v + (5 + -3)/1. What is the units digit of 5/(-20) 